n(j) = j**3 + 14*j**2 - 60*j - 1032. What is the thousands digit of n(37)?
6
Let v(h) be the first derivative of -51*h**2/2 + 104*h - 8. What is the hundreds digit of v(-10)?
6
Let j(o) = -o + 6*o**2 - o**3 + 2*o - 3 - 2*o + 0*o. Let m be j(4). Suppose 5*q + m = 0, -771 = -y - 3*y - 5*q. What is the hundreds digit of y?
1
Suppose 6 = 2*b + 22. Let v be (-7)/((-20)/b - 3). Suppose -v*d = -12*d - 124. What is the units digit of d?
2
Suppose 0 = 2*t - 17 + 17. Suppose -11*q + 17*q - 966 = t. What is the tens digit of q?
6
Let k be (-60 - -75) + 1 + -2. Suppose 0 = -17*q + k*q - 4*j + 249, 3 = -j. What is the tens digit of q?
8
Let p(o) = -27*o + 1. Let t be p(-3). Let m(q) = q**3 - 47*q**2 - 44*q - 179. Let u be m(48). Let s = t + u. What is the units digit of s?
5
Let b(f) = 18*f - 133. Let n be b(8). Suppose -1484 = -n*s + 111. What is the units digit of s?
5
Let s(y) = -1131*y - 1642. What is the units digit of s(-8)?
6
What is the tens digit of -34 + 29 + 4315/1?
1
Suppose 135888 = 53*p - 162237. What is the units digit of p?
5
Let a(l) = l**3 + 7*l**2 + l - 12. Let r be a(-6). Suppose -r*y - 1368 = -21*y. Suppose 0 = -3*d - 5*d + y. What is the tens digit of d?
5
Suppose 33*s - 5*z = 28*s - 67695, 3*s + 40624 = -4*z. What is the tens digit of (s/(-110) + 0)*11?
5
Let z = 118 + -115. Suppose 0 = -z*y + 3577 - 982. Suppose -45*q - y = -50*q. What is the units digit of q?
3
Let p(f) = 72*f**2 + 32*f + 111. What is the tens digit of p(-4)?
3
Let f(v) = -6*v - 84. Let u = -172 + 144. What is the units digit of f(u)?
4
Suppose 0 = 10*g - 22 - 858. What is the units digit of g?
8
Suppose -f = j - 5, 5*f + j - 25 = 3*j. Suppose 3*v + 1028 = f*z, 0 = z + 2*z + 2*v - 632. Let w = 378 - z. What is the hundreds digit of w?
1
Let q(k) = 2*k**3 - 2*k**2 - 3*k + 4. Let w be q(2). Suppose -w*m + 1377 = -351. What is the tens digit of m?
8
Let q(n) = -n**3 + 5*n**3 + 11 - 2*n**3 - 6*n**2 - 9*n. Suppose -5*p + 15 = 5*l, 13*p - 4*l = 16*p - 7. What is the units digit of q(p)?
6
Suppose -10*m - 294 = -3*m. Let d = 43 + m. What is the tens digit of 0 + 70 + (d - -3)?
7
Suppose 21 - 56 = -7*d. Suppose -d*p + 38 = -22. What is the tens digit of p?
1
What is the units digit of (3/7)/(30/490) - -17423?
0
Let y(t) = 69*t + 2066. What is the hundreds digit of y(-13)?
1
Suppose 323*f = 522*f - 269*f + 6370000. What is the hundreds digit of f?
0
Suppose 2*j - w = 2*w + 9, 2*w - 1 = -j. Suppose j*d - 3 - 6 = 0. What is the tens digit of 78 - (d + 2)/5?
7
Suppose 8 = 4*p, -4*a = -p - p - 4. What is the hundreds digit of a/(-143)*-13 + 4838/11?
4
Let r = 293 + -155. Let y be 65/15 + 1/(-3). Suppose -l + 5*l + n = 117, y*n - r = -5*l. What is the units digit of l?
0
Let w = 5498 - 4131. What is the hundreds digit of w?
3
Let c(b) = -1663*b + 2814. What is the tens digit of c(-18)?
4
Let w be ((-2)/(-3))/(4/30) + -3. Suppose -5 = 5*m, -2*k + 154 = 2*k - w*m. What is the units digit of k?
8
Let l(a) = -a**3 - 8*a**2 - 9*a - 11. Suppose -v = -3*m - 25, 5*m + 5*v - 3 + 18 = 0. Let f be l(m). Suppose -332 - 10 = -f*d. What is the tens digit of d?
1
Let f be (-1*(1 + -2))/(23/(-874)). What is the hundreds digit of (f/57)/((-2)/2811)?
9
Let z = 6718 + -3504. What is the units digit of z?
4
What is the hundreds digit of (-4)/(-7) + (507181/203 - 27)?
4
Suppose j - 4*w = -627, 5*j - 9*w + 13*w = -3087. Let c = -307 - j. What is the units digit of c?
2
Let k be 6 + -6 + (2 - 3)*-5. Let m(c) = 17*c + 80. What is the units digit of m(k)?
5
Let p(f) = -8*f**2 + 18*f + 11. Let c = -76 - -81. Let h be p(c). Let j = h - -185. What is the units digit of j?
6
Let g(o) = o**3 + 4*o**2 - 79*o + 12. Let w be g(7). Let v(j) = -27*j - 2. Let b(y) = -28*y - 2. Let r(l) = -3*b(l) + 4*v(l). What is the units digit of r(w)?
6
Let h(o) = o**3 + 8*o**2 + 7*o + 5. Let t be h(-7). Let s(g) = t*g + 37 + 4*g - 13*g. What is the units digit of s(-21)?
1
Let a = 1855 + 3982. Suppose 13*r = -0*r + a. What is the tens digit of r?
4
Suppose -46*j = -52*j + 96. Suppose 0 = -3*b + 1516 - j. What is the units digit of b?
0
Suppose 5*g - 18 = 4*y, 4*g + y - 12 - 15 = 0. Suppose 489 = g*i - 195. What is the units digit of (1/4 - (-39)/(-12)) + i?
1
Suppose -3*u = t - 12796, 0 = t + t - 3*u - 25637. What is the ten thousands digit of t?
1
Suppose -4*d = 4*q - 2396, 0 = 4*q - 5*d + 8*d - 2400. Let n = q + -279. What is the tens digit of n?
2
Let r be (-12 - -14)*(-169)/2. Let n = 382 + r. Suppose -32*l = -29*l - n. What is the units digit of l?
1
Suppose h - i + 1171 = 0, 2*i + 0*i - 1175 = h. Let l = 1658 + h. What is the hundreds digit of l?
4
Let d(x) = x**3 + 11*x**2 + 11*x + 22. Let j be d(-10). Let k be (((-2092)/(-6))/((-8)/j))/(-1). Suppose -3*o = -k - 158. What is the hundreds digit of o?
2
Let z be (-550)/(1/4 - 51/(-68)). What is the tens digit of z/(-4) - 12/8?
3
Let q be (13/26)/(3/8568). Let x = q + -766. What is the hundreds digit of x?
6
Let i(d) = -3*d**2 - 5*d + 6195. What is the thousands digit of i(0)?
6
Suppose -12*k + 2*k = -30. Suppose -5*u + 30 = 5*x - 0*u, -6 = -k*u. What is the units digit of x?
4
Let j(y) = y**3 + 36*y**2 + 20*y + 73. Let a be j(-35). Suppose 3*l + 17*t - 16*t - 1762 = 0, -5*t = -l + a. What is the units digit of l?
8
Let m(g) = -130*g + 39. Let c be m(-3). Let u = c + -159. What is the tens digit of u?
7
Let j(y) = 259*y**2 + 2*y + 1. Let h = 17 - 18. Let g be j(h). Suppose -6*s = -9*s + g. What is the tens digit of s?
8
Let f be 4*2/40 - 296/(-20). Let j(p) = 6*p + 60. What is the hundreds digit of j(f)?
1
Suppose -6*h = -8*h + 16*h. Let l be (2 + -1)*(-3)/(-1). Suppose h = l*d + 5*v - 82, 100 = d + 4*d + v. What is the tens digit of d?
1
Let k(s) = 4*s**2 - 3*s - 26. Let z be k(4). Suppose 52*t - 7020 = z*t. What is the tens digit of t?
7
Let y = -178 - -196. What is the units digit of -6 + 62/12 - (-4101)/y?
7
Let w = 52707 + -20780. What is the tens digit of w?
2
Let k = 19356 - 10682. What is the units digit of k?
4
Let i be (1 - (1 + 0))*58/(-174). Suppose i = 28*g - 34*g + 6810. What is the tens digit of g?
3
Let u(c) = 600*c - 102. Let s be u(7). Suppose -s = -263*h + 257*h. What is the hundreds digit of h?
6
Suppose 150*q - 154*q + 22704 = 0. What is the thousands digit of q?
5
Let x(c) = -2*c - 45. Let a be x(-16). What is the hundreds digit of -5*106/(-6)*(-39)/a?
2
Let m(s) = 4*s**3 + 7*s**2 - 36*s + 1. Let f(r) = -7*r**3 - 15*r**2 + 73*r - 3. Let o(y) = -3*f(y) - 5*m(y). What is the units digit of o(-12)?
4
Let z(o) = 52*o**2 - 227*o - 62. What is the tens digit of z(19)?
9
Let p = 11904 - -856. What is the units digit of p?
0
Let f = 21588 + -11764. What is the units digit of f?
4
Let u be 3/15 + (-324)/(-5). Let t = -63 + 255. Let b = t - u. What is the units digit of b?
7
Let q(c) = 9*c**3 - 2*c**2 + 2*c + 3. Let r be q(-1). Let z = 72 - r. Suppose z = 5*m - 43. What is the tens digit of m?
2
Suppose 2*x - 238901 = -5*h + x, 3 = 3*x. What is the hundreds digit of h?
7
Let y(f) = -f**2 + 11. Let s be y(0). Let o(x) = 6*x - 9*x**2 + s + x**3 - 2*x**3 + 4*x. What is the units digit of o(-10)?
1
Let m(h) = -6*h**3 - h**2 + h - 1. Let w be m(2). Let n = w + 54. Suppose 0 = n*p - 183 - 39. What is the units digit of p?
4
Let u(g) = -136*g + 7. Let y be u(-13). Suppose -4*d - y = d. What is the units digit of ((-1)/(-1))/((-5)/d)?
1
Let j be 0/137 + 4*1 + -1. Suppose -j*a = 3*l - 1071, 0 = -a - 5*l + 175 + 178. What is the tens digit of a?
5
Let j(y) = 5*y**2 - 1. Let p be j(-1). Suppose -i + g - 1246 = -3*i, 0 = p*g - 8. What is the hundreds digit of i?
6
Let y = 148 + -211. Let j = y + 65. Suppose j*q - 26 = 72. What is the units digit of q?
9
Let o be (7 + -2 + 14)*(4 + -1). Suppose -12 = -3*n + 4*y, 4*n - 12 = y + 3*y. Suppose n = -60*m + o*m + 483. What is the tens digit of m?
6
Let j = 46 + -29. Let h = j - 5. Let p = -4 + h. What is the units digit of p?
8
Suppose -4*d - 8010 = -2*h, 13*h - 32146 = 4*d + 19831. What is the tens digit of h?
9
Suppose 11*p - 3*p - 200 = 0. What is the hundreds digit of -105*(3 + (-120)/p)?
1
Suppose 0 = 4*t - 2*p - 18, 12*t - 7*t = 4*p + 21. Suppose -s = l - 458, 0 = t*l - 3*s - 512 - 1746. What is the hundreds digit of l?
4
Let w(x) = 45*x**2 + 44*x - 502. What is the hundreds digit of w(12)?
5
Let d(w) = 47*w**2 + 99*w 